ase 15, what is 0 - -15ce?
15ce
In base 6, what is -15 - 110?
-125
In base 2, what is -1101 - -10?
-1011
In base 7, what is -16 - 2634?
-2653
In base 3, what is 0 - 12112?
-12112
In base 7, what is 442 + 43?
515
In base 11, what is 7 + 3?
a
In base 7, what is 1 - 125?
-124
In base 6, what is 4 + 2224?
2232
In base 3, what is 2201 - 110?
2021
In base 2, what is -101010 + -1000?
-110010
In base 10, what is -2605 - 6?
-2611
In base 16, what is 3 + 32?
35
In base 14, what is -1 + 26?
25
In base 2, what is 11 - 10000101?
-10000010
In base 13, what is -192 - a?
-19c
In base 4, what is -30021 + -1?
-30022
In base 7, what is -10 - -510?
500
In base 11, what is 17 - 22?
-6
In base 2, what is 1011010 - 101111101?
-100100011
In base 7, what is 15615 + 1?
15616
In base 5, what is 1022 - 0?
1022
In base 3, what is 211100 + -1?
211022
In base 16, what is 8 - 0?
8
In base 16, what is 4 + -40?
-3c
In base 6, what is 304 - 0?
304
In base 6, what is -24334 + 0?
-24334
In base 5, what is -3023 + -2?
-3030
In base 6, what is 5 + -1341?
-1332
In base 6, what is 24 - -35?
103
In base 11, what is 3 + 6?
9
In base 14, what is -112 - -b6?
-3a
In base 5, what is 13 - 4?
4
In base 7, what is -5 - 51?
-56
In base 7, what is -124 + 163?
36
In base 2, what is 110001111011 - -100?
110001111111
In base 14, what is 18b + 3?
190
In base 3, what is -12 + 22221?
22202
In base 11, what is 403 - 4?
3aa
In base 8, what is -412 + 3?
-407
In base 3, what is 102 - 2?
100
In base 11, what is 0 - -1718?
1718
In base 13, what is 43 + -c1?
-7b
In base 16, what is -b28 + 2?
-b26
In base 12, what is -1784 - -1?
-1783
In base 6, what is -134 + 11?
-123
In base 10, what is -4 - -196?
192
In base 4, what is 10 - -1020?
1030
In base 5, what is 2 + -1040?
-1033
In base 12, what is 1 + 2056?
2057
In base 3, what is 10 + 2200202?
2200212
In base 5, what is -221 - 4?
-230
In base 13, what is -1a - 9?
-26
In base 13, what is 3 + 39?
3c
In base 9, what is 2822 - 0?
2822
In base 15, what is d3 - 0?
d3
In base 15, what is 28b - 0?
28b
In base 9, what is -2044 + 5?
-2038
In base 10, what is 2 + -67?
-65
In base 13, what is 13a - 14?
126
In base 5, what is -12 - 120?
-132
In base 12, what is -71 + -1?
-72
In base 5, what is -12310 + 10?
-12300
In base 8, what is -36 + 36?
0
In base 14, what is -136 + -3?
-139
In base 13, what is 9a - 40?
5a
In base 16, what is -3f16 - -4?
-3f12
In base 15, what is 6 - 30?
-29
In base 4, what is 3 + 311030?
311033
In base 9, what is -572 + 2?
-570
In base 8, what is 337 + 3?
342
In base 6, what is 1122 + 13?
1135
In base 11, what is 3 + -1579?
-1576
In base 3, what is 1 - -11?
12
In base 4, what is -10321 - 311?
-11232
In base 3, what is -100012 + -1?
-100020
In base 16, what is -85b - 0?
-85b
In base 4, what is -3 + -103222?
-103231
In base 3, what is -11 + 222221?
222210
In base 14, what is -1c51 + -3?
-1c54
In base 11, what is 1 - -899?
89a
In base 10, what is -532 - 0?
-532
In base 2, what is 10 + -100000100?
-100000010
In base 5, what is -1314 - -24?
-1240
In base 15, what is 20d + -1?
20c
In base 3, what is -1 + -21112?
-21120
In base 8, what is -2 - -63?
61
In base 13, what is -1a1a - -6?
-1a14
In base 12, what is 18 - 27?
-b
In base 7, what is -121 - -2?
-116
In base 6, what is -1 - -415?
414
In base 15, what is -a5 + 44?
-61
In base 2, what is -11 - -1000?
101
In base 15, what is 20 + -5e?
-3e
In base 3, what is 101101 - 11?
101020
In base 5, what is 123 - -112?
240
In base 6, what is 324 + 0?
324
In base 11, what is -1 + -166?
-167
In base 2, what is 1001100110 + 10?
1001101000
In base 13, what is -2 + -869?
-86b
In base 4, what is -1310 + 0?
-1310
In base 6, what is -2243 + -21?
-2304
In base 10, what is 1 + 27?
28
In base 4, what is -213 + 30?
-123
In base 13, what is 2814 - 7?
280a
In base 15, what is -b - 352?
-35d
In base 4, what is 10 - 11?
-1
In base 5, what is 20 - -401?
421
In base 6, what is 1200 - 43?
1113
In base 3, what is -20 + -12220?
-20010
In base 3, what is -2 + -1010?
-1012
In base 14, what is 0 - -22c?
22c
In base 3, what is 110111 - -12?
110200
In base 15, what is -cc5 + -5?
-cca
In base 2, what is 1111 - -1011110?
1101101
In base 2, what is 110010011 - -10?
110010101
In base 16, what is a4 - 8?
9c
In base 13, what is 4 - 33?
-2c
In base 15, what is -11 + -12?
-23
In base 11, what is -5 - -14?
a
In base 12, what is -1a61 + 3?
-1a5a
In base 9, what is -3 + -3?
-6
In base 13, what is 4 + 382?
386
In base 3, what is 12 - 20221?
-20202
In base 12, what is -5 + 111?
108
In base 11, what is 3 - -135?
138
In base 16, what is -14 + 5?
-f
In base 15, what is -989 - -4?
-985
In base 12, what is 3 - 112?
-10b
In base 2, what is -110000 - -111?
-101001
In base 8, what is -5 + 3351?
3344
In base 11, what is 1 - -70?
71
In base 10, what is -14 + 176?
162
In base 16, what is -aa - -2?
-a8
In base 15, what is 2 - 1a6e?
-1a6c
In base 10, what is 5 - 213?
-208
In base 7, what is -2304 - -6?
-2265
In base 14, what is -24 + 1?
-23
In base 10, what is 248 + -5?
243
In base 2, what is 101 - -10101011?
10110000
In base 3, what is 2022 - 212?
1110
In base 10, what is 5 + -2357?
-2352
In base 9, what is 3 + 22?
25
In base 13, what is -b4 - 0?
-b4
In base 4, what is 1003 - 313?
30
In base 3, what is -210 - 2?
-212
In base 11, what is -1482 + 5?
-1478
In base 3, what is -1 + -1110?
-1111
In base 13, what is -4 - 55?
-59
In base 16, what is c3b + -1?
c3a
In base 9, what is -231 - 0?
-231
In base 12, what is 305b + 3?
3062
In base 13, what is -7aa + 0?
-7aa
In base 13, what is -1 + -42c?
-430
In base 4, what is -11 + -10200?
-10211
In base 16, what is e6 + -5?
e1
In base 4, what is -1 - -1021232?
1021231
In base 5, what is 3 - -444?
1002
In base 9, what is -2 - -70?
67
In base 4, what is -30 + 21?
-3
In base 8, what is -43 + 2?
-41
In base 12, what is -28 + -2?
-2a
In base 16, what is 16 - 62?
-4c
In base 3, what is 10022 - 20?
10002
In base 3, what is -2 + 21012?
21010
In base 2, what is -11001 - 10001110?
-10100111
In base 9, what is 151 - -7?
158
In base 14, what is -3 - 0?
-3
In base 13, what is -2a - -5?
-25
In base 3, what is 0 - -110022?
110022
In base 15, what is -6 - 9d?
-a4
In base 12, what is 23b + 4?
243
In base 16, what is -2 - 19?
-1b
In base 10, what is -18 - 36?
-54
In base 7, what is 20 - 210?
-160
In base 12, what is 4 - -a6?
aa
In base 8, what is -6454 + -3?
-6457
In base 7, what is 1 - 3054?
-3053
In base 13, what is -5951 - -1?
-5950
In base 3, what is -11 - 1121?
-1202
In base 6, what is 112 + -20?
52
In base 4, what is 0 - 1030?
-1030
In base 6, what is 2 - 3451?
-3445
In base 3, what is 120121220 + -2?
120121211
In base 3, what is -11201 - -20?
-11111
In base 13, what is 7 + -173?
-169
In base 6, what is -303 - 1?
-304
In base 16, what is -1c2f - -1?
-1c2e
In base 9, what is 1171 + -12?
1158
In base 5, what is 1010 - -1?
1011
In base 6, what is -4 - 434?
-442
In base 11, what is -4 - 5a?
-63
In base 11, what is 18 + 5?
22
In base 12, what is -a5 - 7?
-b0
In base 9, what is -4270 + -1?
-4271
In base 2, what is -1001110110011 - 1?
-1001110110100
In base 12, what is aa6 - 3?
aa3
In base 8, what is -1 - -20?
17
In base 11, what is 7 - -61?
68
In base 5, what is 10 + 34?
44
In base 11, what is -1 - 405?
-406
In base 9, what is -2 + -164?
-166
In base 10, what is 22 + 8?
30
In base 4, what is 10 + -2011?
-2001
In base 10, what is 14 - 52?
-38
In base 12, what is -6b - 8?
-77
In base 7, what is -1202 + -46?
-1251
In base 13, what is 2 - -16?
18
In base 7, what is -101 + -141?
-242
In base 14, what is c0 + 52?
132
In base 2, what is 11011000 + -100?
11010100
In base 8, what is -1 + 51?
50
In base 7, what is 0 + 55?
55
In base 2, what is -10 - 101110?
-110000
In base 4, what is -10 + 223222?
223212
In base 3, what is 112 - -1011?
1200
In base 11, what is -14 + 4?
-10
In base 5, what is 10 - -11?
21
In base 9, what is -201 - -3?
-187
In base 16, what is 2a + 5?
2f
In base 4, what is 20 + -232330?
-232310
In base 10, what is 3 + 3?
6
In base 5, what is -313 + -301?
-1114
In base 5, what is 1023 + 1?
1024
In base 2, what is -1001 + -1010101000?
-1010110001
In base 16, what is 4be + -1?
4bd
In base 5, what is 12434 + 11?
13000
In base 3, what is 0 - 11120101?
-11120101
In base 6, what is 30 - -1322?
1352
In base 12, what is -6 + -380?
-386
In base 15, wh